18
Calculate the remainder when 5517 is divided by 430.
357
What is the remainder when 59344 is divided by 55?
54
Calculate the remainder when 99116 is divided by 19822.
6
What is the remainder when 1436 is divided by 538?
360
What is the remainder when 108267 is divided by 304?
43
What is the remainder when 8987 is divided by 562?
557
Calculate the remainder when 4818 is divided by 2406.
6
What is the remainder when 1521298 is divided by 205?
198
Calculate the remainder when 2367 is divided by 462.
57
Calculate the remainder when 21141 is divided by 246.
231
What is the remainder when 1828427 is divided by 134?
131
Calculate the remainder when 131923 is divided by 321.
313
Calculate the remainder when 992032 is divided by 263.
259
Calculate the remainder when 496 is divided by 136.
88
What is the remainder when 67035 is divided by 85?
55
Calculate the remainder when 466902 is divided by 667.
2
What is the remainder when 1086 is divided by 312?
150
What is the remainder when 118465 is divided by 182?
165
What is the remainder when 101213 is divided by 32?
29
Calculate the remainder when 19169 is divided by 27.
26
What is the remainder when 30375 is divided by 91?
72
What is the remainder when 4775 is divided by 29?
19
Calculate the remainder when 12326 is divided by 67.
65
Calculate the remainder when 2876 is divided by 260.
16
What is the remainder when 9928 is divided by 496?
8
What is the remainder when 17473 is divided by 2474?
155
Calculate the remainder when 3734 is divided by 156.
146
Calculate the remainder when 132292 is divided by 102.
100
Calculate the remainder when 1297966 is divided by 8770.
6
Calculate the remainder when 21555 is divided by 7.
2
Calculate the remainder when 322 is divided by 139.
44
Calculate the remainder when 9403 is divided by 48.
43
What is the remainder when 1621 is divided by 147?
4
What is the remainder when 1550945 is divided by 14?
11
Calculate the remainder when 3733 is divided by 1862.
9
Calculate the remainder when 578 is divided by 3.
2
Calculate the remainder when 39451 is divided by 24.
19
Calculate the remainder when 28702 is divided by 28687.
15
What is the remainder when 113773 is divided by 2147?
2129
What is the remainder when 10421 is divided by 95?
66
What is the remainder when 117061 is divided by 372?
253
Calculate the remainder when 1791 is divided by 741.
309
What is the remainder when 913951 is divided by 304646?
13
Calculate the remainder when 14315 is divided by 4651.
362
What is the remainder when 4606 is divided by 45?
16
Calculate the remainder when 227097 is divided by 75.
72
What is the remainder when 8362 is divided by 82?
80
What is the remainder when 5565 is divided by 214?
1
What is the remainder when 5104 is divided by 304?
240
What is the remainder when 6362 is divided by 1052?
50
Calculate the remainder when 15565 is divided by 7760.
45
Calculate the remainder when 2266 is divided by 210.
166
Calculate the remainder when 10928 is divided by 199.
182
What is the remainder when 14178 is divided by 222?
192
Calculate the remainder when 10311 is divided by 311.
48
What is the remainder when 4559 is divided by 667?
557
What is the remainder when 4790 is divided by 7?
2
Calculate the remainder when 188 is divided by 153.
35
What is the remainder when 119592 is divided by 29898?
0
What is the remainder when 184801 is divided by 1087?
11
What is the remainder when 296746 is divided by 335?
271
Calculate the remainder when 98345 is divided by 224.
9
Calculate the remainder when 467 is divided by 101.
63
Calculate the remainder when 9629 is divided by 1367.
60
Calculate the remainder when 6782 is divided by 569.
523
What is the remainder when 12075 is divided by 263?
240
Calculate the remainder when 61752 is divided by 139.
36
Calculate the remainder when 37316 is divided by 1098.
1082
What is the remainder when 69098 is divided by 62?
30
Calculate the remainder when 280232 is divided by 66.
62
What is the remainder when 4440 is divided by 111?
0
What is the remainder when 468097 is divided by 33435?
7
What is the remainder when 3480093 is divided by 4?
1
What is the remainder when 191983 is divided by 59?
56
Calculate the remainder when 11163 is divided by 508.
495
Calculate the remainder when 8919 is divided by 110.
9
What is the remainder when 35188 is divided by 17?
15
What is the remainder when 500 is divided by 39?
32
Calculate the remainder when 106075 is divided by 32.
27
What is the remainder when 34954 is divided by 5818?
46
What is the remainder when 690 is divided by 92?
46
What is the remainder when 227355 is divided by 290?
285
Calculate the remainder when 3554 is divided by 13.
5
What is the remainder when 3264 is divided by 39?
27
Calculate the remainder when 1348 is divided by 662.
24
What is the remainder when 9440 is divided by 1548?
152
What is the remainder when 2740 is divided by 47?
14
Calculate the remainder when 68504 is divided by 65.
59
Calculate the remainder when 4660 is divided by 466.
0
Calculate the remainder when 884 is divided by 767.
117
Calculate the remainder when 236268 is divided by 582.
558
Calculate the remainder when 9621 is divided by 185.
1
What is the remainder when 124115 is divided by 31026?
11
Calculate the remainder when 141659 is divided by 47218.
5
Calculate the remainder when 22335 is divided by 38.
29
What is the remainder when 75387 is divided by 457?
439
What is the remainder when 673 is divided by 30?
13
What is the remainder when 47445 is divided by 129?
102
Calculate the remainder when 36952 is divided by 769.
40
What is the remainder when 80541 is divided by 366?
21
What is the remainder when 36758 is divided by 490?
8
What is the remainder when 1707 is divided by 176?
123
Calculate the remainder when 1445 is divided by 218.
137
Calculate the remainder when 31896 is divided by 172.
76
Calculate the remainder when 12755 is divided by 9.
2
What is the remainder when 57575 is divided by 43?
41
What is the remainder when 79473 is divided by 79385?
88
What is the remainder when 19730 is divided by 9862?
6
Calculate the remainder when 278425 is divided by 239.
229
What is the remainder when 2906 is divided by 95?
56
What is the remainder when 3076 is divided by 447?
394
Calculate the remainder when 4898 is divided by 242.
58
What is the remainder when 2154824 is divided by 471?
470
Calculate the remainder when 32794 is divided by 388.
202
What is the remainder when 2053 is divided by 671?
40
What is the remainder when 25381 is divided by 874?
35
Calculate the remainder when 212850 is divided by 1216.
50
Calculate the remainder when 394347 is divided by 95.
2
What is the remainder when 319737 is divided by 19983?
9
Calculate the remainder when 76995 is divided by 3.
0
What is the remainder when 1031211 is divided by 26?
25
What is the remainder when 1914152 is divided by 11?
9
Calculate the remainder when 1601 is divided by 793.
15
Calculate the remainder when 5759 is divided by 2871.
17
Calculate the remainder when 5202 is divided by 2585.
32
What is the remainder when 107624 is divided by 498?
56
What is the remainder when 151882 is divided by 4?
2
Calculate the remainder when 55063 is divided by 247.
229
Calculate the remainder when 15893 is divided by 1133.
31
Calculate the remainder when 51799 is divided by 10.
9
Calculate the remainder when 9466 is divided by 727.
15
Calculate the remainder when 10813 is divided by 5403.
7
What is the remainder when 11886 is divided by 11812?
74
Calculate the remainder when 995 is divided by 224.
99
Calculate the remainder when 7359 is divided by 943.
758
Calculate the remainder when 77436 is divided by 19356.
12
What is the remainder when 539 is divided by 60?
59
Calculate the remainder when 87546 is divided by 17506.
16
What is the remainder when 4660 is divided by 2330?
0
What is the remainder when 24619 is divided by 87?
85
What is the remainder when 4258 is divided by 607?
9
Calculate the remainder when 1247 is divided by 48.
47
What is the remainder when 65253 is divided by 118?
117
What is the remainder when 99720 is divided by 49?
5
What is the remainder when 51321 is divided by 232?
49
What is the remainder when 954 is divided by 206?
130
What is the remainder when 1538 is divi